{"id":68,"date":"2017-10-10T09:36:05","date_gmt":"2017-10-10T09:36:05","guid":{"rendered":"http:\/\/joerg-kahlert.de\/?page_id=68"},"modified":"2018-04-24T15:32:52","modified_gmt":"2018-04-24T15:32:52","slug":"impressum","status":"publish","type":"page","link":"https:\/\/www.kahlert.com\/engl\/impressum\/","title":{"rendered":"Imprint"},"content":{"rendered":"<h2>Imprint<\/h2>\n<p>Ingenieurb\u00fcro Dr. Kahlert, Ludwig-Erhard-Stra\u00dfe 45, 59065 Hamm, Germany<\/p>\n<p>Dr.-Ing. J\u00f6rg Kahlert<\/p>\n<p>Engineer<\/p>\n<p>Phone: +49 (0)2381 926 996, Fax: +49 (0)2381 926 997<\/p>\n<p>E-Mail: info[at]kahlert.com<\/p>\n<p>UID: DE125265911<\/p>\n<p>Chamber of commerce: IHK Dortmund, M\u00e4rkische Str. 120, 44141 Dortmund, Germany<\/p>\n<h2>Data privacy<\/h2>\n<p><a href=\"https:\/\/www.kahlert.com\/engl\/data-privacy\/\">Data privacy statement<\/a><\/p>\n<h2>Information on online dispute resolution<\/h2>\n<p>The European commission provides a platform for online dispute resolution (odr):<\/p>\n<p><a href=\"http:\/\/ec.europa.eu\/consumers\/odr\" target=\"_blank\" rel=\"noopener\">http:\/\/ec.europa.eu\/consumers\/odr<\/a><\/p>\n<p>Our e-mail address: <img loading=\"lazy\" decoding=\"async\" class=\"size-full wp-image-266\" src=\"https:\/\/www.kahlert.com\/wp-content\/uploads\/EMail.png\" alt=\"\" width=\"132\" height=\"19\" \/><\/p>\n","protected":false},"excerpt":{"rendered":"<p>Imprint Ingenieurb\u00fcro Dr. Kahlert, Ludwig-Erhard-Stra\u00dfe 45, 59065 Hamm, Germany Dr.-Ing. J\u00f6rg Kahlert Engineer Phone: +49 (0)2381 926 996, Fax: +49 (0)2<\/p>\n","protected":false},"author":1,"featured_media":0,"parent":0,"menu_order":0,"comment_status":"closed","ping_status":"closed","template":"fullwidth.php","meta":{"footnotes":""},"class_list":["post-68","page","type-page","status-publish","hentry"],"_links":{"self":[{"href":"https:\/\/www.kahlert.com\/engl\/wp-json\/wp\/v2\/pages\/68","targetHints":{"allow":["GET"]}}],"collection":[{"href":"https:\/\/www.kahlert.com\/engl\/wp-json\/wp\/v2\/pages"}],"about":[{"href":"https:\/\/www.kahlert.com\/engl\/wp-json\/wp\/v2\/types\/page"}],"author":[{"embeddable":true,"href":"https:\/\/www.kahlert.com\/engl\/wp-json\/wp\/v2\/users\/1"}],"replies":[{"embeddable":true,"href":"https:\/\/www.kahlert.com\/engl\/wp-json\/wp\/v2\/comments?post=68"}],"version-history":[{"count":31,"href":"https:\/\/www.kahlert.com\/engl\/wp-json\/wp\/v2\/pages\/68\/revisions"}],"predecessor-version":[{"id":3855,"href":"https:\/\/www.kahlert.com\/engl\/wp-json\/wp\/v2\/pages\/68\/revisions\/3855"}],"wp:attachment":[{"href":"https:\/\/www.kahlert.com\/engl\/wp-json\/wp\/v2\/media?parent=68"}],"curies":[{"name":"wp","href":"https:\/\/api.w.org\/{rel}","templated":true}]}}